 prime?
False
Is 116544059 a prime number?
False
Is 67278079 prime?
False
Is 4382509 prime?
False
Is 78171053 composite?
True
Is 11640847 prime?
True
Is 362657 prime?
True
Is 29019277 prime?
False
Is 3118969 composite?
True
Is 1296973 a composite number?
False
Is 322809841 composite?
True
Is 2843593 prime?
False
Is 3045022 prime?
False
Is 1558289 a prime number?
True
Is 4253993 prime?
False
Is 8193277 composite?
True
Is 25529783 a prime number?
False
Is 214769327 a prime number?
True
Is 15570341 a composite number?
False
Is 8559811 composite?
True
Is 1203462479 a composite number?
False
Is 33408491 a composite number?
True
Is 686036551 a composite number?
False
Is 447576621 prime?
False
Is 95377133 a composite number?
False
Is 101109581 composite?
False
Is 38975557 composite?
False
Is 86271203 composite?
False
Is 32294917 a composite number?
True
Is 548467 a composite number?
True
Is 6165827 composite?
False
Is 539261 prime?
True
Is 8519579 prime?
False
Is 1337779 prime?
True
Is 783491 a prime number?
False
Is 2552503 composite?
False
Is 1573296143 prime?
True
Is 5310597 prime?
False
Is 32197 prime?
False
Is 62458553 a composite number?
True
Is 10337927 a composite number?
True
Is 166260931 composite?
True
Is 2440583 composite?
True
Is 332218031 composite?
False
Is 4211555 composite?
True
Is 130958581 composite?
True
Is 157351361 prime?
False
Is 4018871 a composite number?
True
Is 1763283539 a composite number?
False
Is 3518863 composite?
False
Is 23853313 composite?
True
Is 1765289 a prime number?
True
Is 6680921 prime?
False
Is 3238409 composite?
False
Is 2656207 prime?
True
Is 22108081 composite?
False
Is 551461 composite?
False
Is 1040021 a composite number?
False
Is 9676299 composite?
True
Is 13248217 prime?
True
Is 349406 a composite number?
True
Is 74582633 prime?
True
Is 23324177 prime?
False
Is 425701 a composite number?
False
Is 80557139 a prime number?
False
Is 3204853 composite?
False
Is 703643 a prime number?
True
Is 8596369 a composite number?
False
Is 212309 prime?
False
Is 1896737441 a prime number?
True
Is 12613823 composite?
False
Is 243221 a prime number?
False
Is 334487 a prime number?
True
Is 29484319 a prime number?
False
Is 71223667 composite?
False
Is 67987547 prime?
True
Is 5378267 a prime number?
True
Is 3483211 composite?
True
Is 10086529 a prime number?
False
Is 14352157 composite?
False
Is 1217893 composite?
False
Is 19693307 a composite number?
False
Is 6921767 composite?
True
Is 5564837 a composite number?
True
Is 14467631 composite?
False
Is 2704543 composite?
False
Is 618358603 composite?
False
Is 28292333 a prime number?
True
Is 1559509 a prime number?
False
Is 44055899 a prime number?
True
Is 52669783 a prime number?
False
Is 595411 a prime number?
True
Is 3116381 a composite number?
False
Is 74714819 a composite number?
True
Is 10104239 a prime number?
False
Is 5742827 composite?
True
Is 21931799 a prime number?
False
Is 20376491 a prime number?
True
Is 68388253 composite?
True
Is 6181823 a prime number?
False
Is 3246803 a composite number?
True
Is 3936449 a composite number?
True
Is 36340617 a composite number?
True
Is 7711521 a prime number?
False
Is 1680761 composite?
False
Is 2300849 composite?
True
Is 135137083 a prime number?
True
Is 107161078 composite?
True
Is 46006643 composite?
False
Is 68815121 composite?
False
Is 5028449 a prime number?
True
Is 123455243 prime?
True
Is 74202591 a prime number?
False
Is 343639 prime?
True
Is 24685747 composite?
False
Is 42808301 prime?
False
Is 1285691 a composite number?
True
Is 2191719 a prime number?
False
Is 12009469 composite?
False
Is 35292377 composite?
False
Is 1283489 a prime number?
False
Is 218191 prime?
True
Is 53996671 a composite number?
False
Is 18185551 prime?
False
Is 746117 prime?
True
Is 2321507 prime?
True
Is 13474411 a composite number?
False
Is 17440517 a prime number?
True
Is 730317283 a composite number?
False
Is 115071137 composite?
True
Is 62260589 composite?
False
Is 3274647 prime?
False
Is 167369 a composite number?
True
Is 384349 a composite number?
True
Is 10299227 composite?
True
Is 4329457 prime?
False
Is 4213223 a prime number?
False
Is 2156333 a prime number?
False
Is 60157607 a prime number?
True
Is 46314181 a prime number?
True
Is 3854177 a prime number?
False
Is 12768911 a composite number?
True
Is 3764543 composite?
False
Is 2452639 prime?
False
Is 137528029 composite?
False
Is 20976283 composite?
True
Is 32908217 a prime number?
True
Is 4803373 a composite number?
False
Is 14112263 a prime number?
False
Is 13247753 a composite number?
False
Is 456227953 a prime number?
True
Is 344027 prime?
False
Is 780883 prime?
False
Is 2256578 a prime number?
False
Is 158467 a prime number?
False
Is 338485571 prime?
True
Is 28835507 a composite number?
True
Is 13653257 a prime number?
True
Is 58050533 composite?
False
Is 215775323 a prime number?
True
Is 10655069 composite?
False
Is 65534951 a composite number?
True
Is 1847540633 prime?
True
Is 1429466773 composite?
True
Is 23533781 a composite number?
False
Is 28827911 composite?
True
Is 3915383 a prime number?
False
Is 120173443 composite?
True
Is 57874769 a prime number?
True
Is 45557797 prime?
False
Is 14517497 composite?
True
Is 8948669 composite?
False
Is 11858569 prime?
True
Is 5489501 prime?
True
Is 3675041 a prime number?
True
Is 10321583 a prime number?
True
Is 30664691 composite?
True
Is 1017199 a composite number?
False
Is 3102601 a prime number?
True
Is 57864119 prime?
True
Is 293278499 a composite number?
False
Is 8260919 prime?
True
Is 1749479 a composite number?
True
Is 122265331 composite?
False
Is 105497317 composite?
False
Is 10841773 composite?
True
Is 3345479 composite?
False
Is 9613213 a composite number?
False
Is 216201421 a prime number?
True
Is 71653289 a composite number?
True
Is 3392113 a composite number?
True
Is 5223343 prime?
True
Is 743811567 a prime number?
False
Is 374786407 prime?
True
Is 188517731 a prime number?
True
Is 2302633 a composite number?
True
Is 128120815 a composite number?
True
Is 6203417 prime?
False
Is 23180137 composite?
False
Is 76173385 prime?
False
Is 8653585 a prime number?
False
Is 22513559 a composite number?
True
Is 10535927 composite?
True
Is 890597 prime?
True
Is 163553701 composite?
False
Is 27623617 a composite number?
True
Is 78066281 a composite number?
True
Is 759897703 a composite number?
False
Is 396583559 prime?
False
Is 165894527 a prime number?
True
Is 695829 a prime number?
False
Is 11613818 a composite number?
True
Is 1154387 prime?
False
Is 153876571 prime?
False
Is 325627 composite?
False
Is 105215855 prime?
False
Is 2022149 a prime number?
True
Is 2378069 prime?
True
Is 25622413 composite?
False
Is 965090641 a composite number?
False
Is 314918609 composite?
True
Is 1425271 prime?
True
Is 22171811 a prime number?
True
Is 78682445 a prime number?
False
Is 2353214 prime?
False
Is 6377174 prime?
False
Is 16894747 composite?
True
Is 3481859 a composite number?
False
Is 17067119 prime?
True
Is 1876949 a composite number?
False
Is 162164857 a prime number?
False
Is 18258469 a composite number?
False
Is 29618233 a prime number?
False
Is 39752593 a composite number?
True
Is 1956161 prime?
True
Is 38417831 a composite number?
False
Is 1271207231 composite?
True
Is 1121819 a prime number?
True
Is 124415693 a prime number?
True
Is 2072801 composite?
False
Is 3234157 composite?
True
Is 2545331 composite?
True
Is 17403611 a prime number?
False
Is 1042399 prime?
True
Is 888210793 composite?
False
Is 34812871 prime?
True
Is 23840723 composite?
True
Is 5997499 prime?
False
Is 238495007 a prime number?
False
Is 225294879 composite?
True
Is 31381969 a composite number?
False
Is 12530353 composite?
True
Is 43339159 a prime number?
True
Is 2350063 prime?
False
Is 110702387 composite?
False
Is 920713 prime?
False
Is 313307 prime?
True
Is 44343713 prime?
True
Is 238597833 prime?
False
Is 1020491 a composite number?
False
Is 51712799 a composite number?
False
Is 8999027 prime?
False
Is 46852259 a prime number?
True
Is 2374429 a prime number?
True
Is 1901237 a prime number?
False
Is 2627381 composite?
False
Is 4752803 a prime number?
False
Is 143683 composite?
True
Is 7539313 a composite number?
True
Is 757923 composite?
True
Is 799291